/(1/(-1)). Suppose q*j = l*j - 9210. Is j a composite number?
True
Let b(g) = 105*g - 11. Let t be b(5). Let v = t + -1025. Let s = v + 722. Is s a prime number?
True
Let q(c) = -c**2 - 5*c - 4. Let a be q(-8). Is (-223596)/a + 8/(-14) a composite number?
True
Is (48 - -7318) + (2 - -3 - 2)/1 a composite number?
False
Let g(y) = -363*y**3 - y**2 + 3. Suppose w = 3*q - 4*w - 16, 0 = -4*q - w + 6. Suppose -x = 5*n + 11, q*x - 7*x = -2*n + 1. Is g(n) prime?
True
Suppose k - 36737 = -n, -n + 3*k + 55983 - 19234 = 0. Suppose -4*f + f + n = 2*m, 5*m + 4*f = 91843. Is m prime?
True
Let d be (230/345)/(1 - 43/45). Suppose 3*p - d*c = -11*c + 37427, 4*p + 2*c - 49866 = 0. Is p prime?
False
Let m be 21/(-105) + 31/5. Suppose -5*x = -4*i + 2 + 2, -2*x - 16 = -4*i. Is (5 + (-12)/i)/(m/254) composite?
False
Let p = -881852 - -1769319. Is p prime?
False
Suppose f = -3*f - 16. Is (-1586)/(-39)*(-318)/f a prime number?
False
Suppose 143*y - 4*k = 144*y - 78707, y = 4*k + 78707. Is y prime?
True
Let x(b) = 1615*b**2 + 1328*b + 9360. Is x(-7) a composite number?
True
Is (6/4)/((-18)/(-432348)) a composite number?
True
Let x(b) = 65*b**2 + 9. Let z be x(-5). Let n be 1154*-3*2/(-4). Suppose 5*m - z - n = 0. Is m prime?
True
Let h(o) = 2*o - 15*o**3 - o - 7*o**2 + 7 - 5*o + 8*o. Let g be h(-6). Let t = g + -1744. Is t prime?
False
Suppose 23*h - 1031559 = 3928736. Is h composite?
True
Suppose t - 5*r - 185641 = -11*r, 3*r + 185686 = t. Is t a prime number?
False
Let k(s) = -s + 1. Let t be k(-2). Suppose -5*x = 5*o - 21335, 3*o - t*x = -4*x + 12809. Is o a composite number?
False
Suppose 0 = -0*p + 3*p + 10038. Let l(g) = 20*g**2 - 38*g - 115. Let u be l(-17). Let y = p + u. Is y a prime number?
False
Let i(b) = 36*b**2 + 158*b + 1337. Is i(-44) composite?
False
Suppose 23*x - 27*x - 16 = 0, x = 2*y - 33128. Suppose -y = -4*r - 5310. Is r prime?
False
Let v(s) = 151*s**2 - 18. Let j be v(-10). Suppose -7*x + j = 3847. Let l = x + -494. Is l prime?
False
Suppose 13*u - 37*u + 297473 = -149815. Is u a prime number?
True
Let y(p) = -p**3 + 14*p**2 - 8*p + 16. Let n(r) = 6*r**3 - 70*r**2 + 39*r - 80. Let i(m) = -4*n(m) - 22*y(m). Is i(-15) prime?
False
Suppose 126*q = 42*q + 328861 + 568175. Is q a prime number?
False
Let p(a) = a**3 + 2*a**2 + 2*a + 26. Suppose 68*y - 741 = 7. Is p(y) prime?
True
Suppose 2*g + 417 = -5*u, 3*g + 5*u + 648 = 2*u. Let v = g + 400. Is v composite?
False
Let x = 763506 - 500461. Is x prime?
False
Is ((-6)/(-4))/((-54)/(-2339028)) a composite number?
True
Suppose -j + 3*o + 26 = 0, 0 = -j - 6*o + 2*o + 5. Suppose -33 = -4*n - j. Suppose -2*w = v - 749, -v + 1507 = n*w + 4*v. Is w prime?
True
Let n(s) = 9355*s**2 - 52*s + 918. Is n(11) prime?
True
Suppose -34*h = -35*h + 1. Let q be (h + -1)*(-2 + 5 + -4). Is (q + -613)*(-15 + 14) a composite number?
False
Let w(g) = 38*g**3 - 2*g**2 + 2*g - 1. Let t be w(2). Let k = -678 - t. Let o = k + 1368. Is o prime?
False
Let q = -259 + 187. Is (-39 - -1)*252/q composite?
True
Let c = 106 - 76. Suppose -2*j - 8*j = -c. Is -1838*(15/(-10))/j prime?
True
Let x(f) = 13949*f - 14. Let h be x(1). Suppose 13*m + h = 16*m. Is m a prime number?
False
Suppose -k + 1403393 = 2*v, 1403398 = 47*k - 46*k + 3*v. Is k composite?
False
Let u(w) = -5*w**3 + 12*w**2 - 276. Is u(-21) a composite number?
True
Let c be (7/35*12)/(6/7940). Let x = c - 453. Is x prime?
False
Is 1/(-3) + 277030/(-273)*-7 a prime number?
True
Suppose -5*y = 2*f - 136809, 14*f - 16*f = -3*y + 82079. Is y prime?
True
Let k = 6695 - -1694. Suppose -5872 = -13*v + k. Is v a prime number?
True
Suppose 1175987 - 6134402 = -3*f + q, q = -3*f + 4958403. Is f prime?
False
Suppose 0 = 2*w - 5*f + 4587, -4*w - 6465 - 2696 = 3*f. Let u = 17818 + w. Is u prime?
True
Let q = -78754 - -115043. Is q composite?
True
Let u be (4 + 25669/28)/((-3)/12). Is u*4/(-12)*3 prime?
False
Let t be 318/(6 - 4) - -6. Suppose -163*a = -t*a + 3514. Is a composite?
True
Let s = 272549 + 202830. Is s a composite number?
False
Suppose -3*t + 0*t + 17710 + 27347 = 0. Is t composite?
True
Let s(m) = 19731*m**2 + 75*m - 73. Is s(1) prime?
False
Let s be 36*9/84 + (-2)/(-14). Suppose 9*y - 4*y - 20 = 0, 3*g = s*y - 16. Suppose 5*w + 2 - 7 = g, 5*f - 17162 = 3*w. Is f a composite number?
False
Let h be (4 - 12)/1*-1. Suppose 0 = h*a - 4685 + 349. Is a prime?
False
Is -1 + 457*-8*10/(-5) prime?
False
Let c = 52 - 40. Suppose -c*m + 8*m + 16 = 0. Suppose -5*f + 0*f + 633 = -2*z, -m*f + 505 = -3*z. Is f prime?
True
Suppose 0 = -2*r - v - 3*v + 4, -4*r + 3*v = 14. Let o be 2 + (r/(-5))/((-6)/(-9480)). Suppose -4*y - 5*w + 839 = 0, -3*w + 4*w = 3*y - o. Is y prime?
True
Let q(z) = -60*z**3 - 4*z**2 - 2*z + 1. Suppose -2*l = -2*n - 6, 3*l + 7*n - 8*n = -1. Is q(l) a composite number?
True
Let p(y) = 47*y**2 + 142*y - 282*y + 1 + 139*y. Suppose -16 = -5*d - 6. Is p(d) a prime number?
False
Let d(u) be the second derivative of 5*u**4/12 + 17*u**3/6 - 31*u**2/2 - 4*u + 6. Is d(21) composite?
False
Suppose 282895 = s + 4*o, 3*s - 848699 = 698*o - 696*o. Is s prime?
False
Let m(j) = 6*j - 129. Let r be m(23). Suppose -3*l - 5*d = -973, -5*d + r - 29 = 0. Is l a composite number?
False
Suppose 2031*c - 2033*c + 10 = 0. Suppose -c*r + 4738 - 1573 = 0. Is r a prime number?
False
Let b(h) = h**2 - 8*h + 9. Let c be b(7). Suppose -c*q - 5*y + 0 - 15 = 0, 12 = q - 4*y. Suppose q = 2*i + 361 - 2187. Is i a prime number?
False
Let l(b) = 3*b + 11 + 5 - 1 + 4 - b**2. Let d be l(6). Let x(p) = 749*p + 2. Is x(d) a composite number?
False
Let q(t) = t**2 - 13*t + 7. Let w be q(13). Suppose -2*m + w*m = 0. Suppose m = -i + 409 + 222. Is i composite?
False
Let q = -75 - -97. Suppose 0 = -20*c + q*c - 45266. Is c prime?
False
Let a be (2/4)/((-2)/(-8)). Suppose 12 = 3*x + 3*d, -a*x - d = -4 - 3. Suppose -c - 4*q + 3858 = c, c - 1934 = x*q. Is c a prime number?
True
Let t(o) = -6*o + 14. Let c be t(4). Let a(n) = n**2 + 13*n + 37. Is a(c) prime?
True
Suppose 2091895 + 1291390 = 29*w. Is w composite?
True
Let b(o) = 4395*o + 940262. Is b(0) prime?
False
Let r be (-2)/4 + 0 + 8063/(-2). Let g = r - -7667. Is g prime?
False
Suppose -o + 4*q + 3 + 4 = 0, -2*o + 9 = -3*q. Let h be (610 + 1)*(1 + 0). Suppose 2*u + 4*i - h = 2047, 4*u - o*i - 5305 = 0. Is u a composite number?
False
Let j be (-4 - (0 + 4 + -9)) + -4. Let m(w) = -27*w**2 + 16*w - 4. Let u be m(j). Let b = -134 - u. Is b a composite number?
True
Is (-10)/360*-16 - (2323748/18)/(-2) composite?
True
Let l(m) = 3*m**3 + 3*m**2 - m + 1078. Let f(j) = j + 4*j - 2*j**2 - 1079 + j - 2*j**3 - 5*j. Let r(w) = -4*f(w) - 3*l(w). Is r(0) a composite number?
True
Let u(a) = a**3 + 12*a**2 - 26*a - 13. Let z = 55 - 52. Suppose 2*o = -z*o - 50. Is u(o) composite?
True
Suppose -2*m + 195372 = 2*p - 10494, 4*p - 411696 = 5*m. Is p prime?
True
Let s(t) = -t**2 - 8*t - 12. Let q be s(-5). Let z(k) = 2*k**2 + 8*k**q - k**3 - 8*k - 7 + 2*k + 9*k. Is z(3) composite?
True
Suppose 0 = 5*q + 5*f - 20 - 5, f + 20 = 4*q. Let y(c) = -5*c**2 + 7*c - 9. Let j(b) = -10*b**2 + 18*b - 22. Let s(n) = 5*j(n) - 12*y(n). Is s(q) composite?
True
Let z = 8014 + 91027. Is z a prime number?
True
Let n(c) = -115*c**2 - 6*c - 4. Let k = 32 - 27. Let x(d) = -57*d**2 - 3*d - 2. Let i(r) = k*x(r) - 3*n(r). Is i(4) a composite number?
True
Let y(w) = -223*w + 45. Suppose z + c = 4*c - 4, 0 = -4*z - 3*c - 16. Is y(z) a composite number?
False
Let p = 3547 + 703. Suppose 3 = r, 0 = 3*z + 5*r - p - 1972. Is z a prime number?
True
Is (-150 - -140) + 9125/1 composite?
True
Let l be 6/3*(1/(-2) - -1). Is (0 + l/(-3))/(9/(-89073)) a composite number?
False
Let b(p) = -21 - 4*p + 14*p - 9*p + 158. Is b(24) a composite number?
True
Let s(c) = c**2 - 2*c - 3. Let g be s(4). Suppose -730 = -g*h + 3*h. Let q = h + -198. Is q prime?
True
Let z(v) = -2 + 122*v**2 + 2 - 2 + v + 0. Suppose d - 4 = -3*k, d = -5*k - 3*d + 9. Is z(k) a prime number?
False
Is (-7*5/(-35) - 2)*-263903 a composite number?
True
Suppose -7*f + 121089 = -22*f + 18*f. Is f a prime number?
False
Let o = 562337 - 147399. Is o prime?
False
Let m(a) = 10*a - 8. Let o be m(5). Let q be (-7992)/o - 2/(-7). Let u = q - -305. Is u a composite number?
True
Let b be (-15843)/((-30)/6 + 2). Suppose -9*i - b = -32938. Is i prime?
False
Suppos